{"id":101,"date":"2021-04-21T18:46:50","date_gmt":"2021-04-21T16:46:50","guid":{"rendered":"http:\/\/xn--grlseforsamlingshus-v7bc.dk\/?page_id=101"},"modified":"2022-03-07T18:27:02","modified_gmt":"2022-03-07T17:27:02","slug":"proeve-2","status":"publish","type":"page","link":"https:\/\/gorloseforsamlingshus.dk\/?page_id=101","title":{"rendered":"Ungdomsfester"},"content":{"rendered":"\n<p>G\u00f8rl\u00f8se Forsamlingshus er et af de f\u00e5 forsamlingshuse, der ogs\u00e5 udlejer huset til ungdomsfester. Alts\u00e5 en fest under 25 \u00e5r.  <\/p>\n\n\n\n<p>Dette vil vi gerne kunne forts\u00e6tte med, derfor er der nogle regler der skal overholdes ved leje af huset.\u00a0\u200b<\/p>\n\n\n\n<p>-Ved ungdomsfester SKAL hele huset lejes. <\/p>\n\n\n\n<p>-Ungdomsfester kan KUN afholdes Fredage, og L\u00f8rdage. <\/p>\n\n\n\n<p>-Ved leje af huset skal der ALTID v\u00e6re mindst 4 voksne (Over 30 \u00e5r) til stede,&nbsp;                            under HELE FESTEN. De skal ogs\u00e5 skrive under p\u00e5 at de er til stede.&nbsp;\u200b<\/p>\n\n\n\n<p>-Der m\u00e5 ikke v\u00e6re st\u00f8j ude foran huset om aftenen\/natten.<\/p>\n\n\n\n<p> <strong>ALLE d\u00f8re og vinduer SKAL v\u00e6re lukket kl. 22:00 <\/strong><\/p>\n\n\n\n<p>-Huset skal reng\u00f8res efter brug, s\u00e5ledes at det efterlades i n\u00f8jagtig samme stand som det blev overleveret i.\u200b<\/p>\n\n\n\n<p>Se yderligere under ordensreglement.\u200b<\/p>\n\n\n\n<p>-Depositum p\u00e5 fester under 25 \u00e5r er 7000,-<\/p>\n\n\n\n<p><a href=\"http:\/\/xn--grlseforsamlingshus-v7bc.dk\/?page_id=152\">Priser p\u00e5 erstatning af inventar<\/a><\/p>\n","protected":false},"excerpt":{"rendered":"<p>G\u00f8rl\u00f8se Forsamlingshus er et af de f\u00e5 forsamlingshuse, der ogs\u00e5 udlejer huset til ungdomsfester. Alts\u00e5 en fest under 25 \u00e5r. Dette vil vi gerne kunne forts\u00e6tte med, derfor er der nogle regler der skal overholdes ved leje af huset.\u00a0\u200b -Ved ungdomsfester SKAL hele huset lejes. -Ungdomsfester kan KUN afholdes Fredage, og L\u00f8rdage. -Ved leje af &hellip; <\/p>\n<p class=\"link-more\"><a href=\"https:\/\/gorloseforsamlingshus.dk\/?page_id=101\" class=\"more-link\">L\u00e6s videre<span class=\"screen-reader-text\"> &#8220;Ungdomsfester&#8221;<\/span><\/a><\/p>\n","protected":false},"author":1,"featured_media":0,"parent":0,"menu_order":0,"comment_status":"closed","ping_status":"closed","template":"","meta":[],"_links":{"self":[{"href":"https:\/\/gorloseforsamlingshus.dk\/index.php?rest_route=\/wp\/v2\/pages\/101"}],"collection":[{"href":"https:\/\/gorloseforsamlingshus.dk\/index.php?rest_route=\/wp\/v2\/pages"}],"about":[{"href":"https:\/\/gorloseforsamlingshus.dk\/index.php?rest_route=\/wp\/v2\/types\/page"}],"author":[{"embeddable":true,"href":"https:\/\/gorloseforsamlingshus.dk\/index.php?rest_route=\/wp\/v2\/users\/1"}],"replies":[{"embeddable":true,"href":"https:\/\/gorloseforsamlingshus.dk\/index.php?rest_route=%2Fwp%2Fv2%2Fcomments&post=101"}],"version-history":[{"count":13,"href":"https:\/\/gorloseforsamlingshus.dk\/index.php?rest_route=\/wp\/v2\/pages\/101\/revisions"}],"predecessor-version":[{"id":520,"href":"https:\/\/gorloseforsamlingshus.dk\/index.php?rest_route=\/wp\/v2\/pages\/101\/revisions\/520"}],"wp:attachment":[{"href":"https:\/\/gorloseforsamlingshus.dk\/index.php?rest_route=%2Fwp%2Fv2%2Fmedia&parent=101"}],"curies":[{"name":"wp","href":"https:\/\/api.w.org\/{rel}","templated":true}]}}